{"id":2542,"date":"2022-10-10T12:39:35","date_gmt":"2022-10-10T12:39:35","guid":{"rendered":"https:\/\/franzhilf-benefizkonzert.at\/?page_id=2542"},"modified":"2026-03-10T09:56:02","modified_gmt":"2026-03-10T09:56:02","slug":"startseite","status":"publish","type":"page","link":"https:\/\/franzhilf-benefizkonzert.at\/","title":{"rendered":"Startseite"},"content":{"rendered":"\t\t<div data-elementor-type=\"wp-page\" data-elementor-id=\"2542\" class=\"elementor elementor-2542\">\n\t\t\t\t\t\t<section class=\"elementor-section elementor-top-section elementor-element elementor-element-dc7d47d elementor-section-full_width elementor-section-height-default elementor-section-height-default\" data-id=\"dc7d47d\" data-element_type=\"section\">\n\t\t\t\t\t\t<div class=\"elementor-container elementor-column-gap-no\">\n\t\t\t\t\t<div class=\"elementor-column elementor-col-100 elementor-top-column elementor-element elementor-element-03fd707\" data-id=\"03fd707\" data-element_type=\"column\">\n\t\t\t<div class=\"elementor-widget-wrap elementor-element-populated\">\n\t\t\t\t\t\t<div class=\"elementor-element elementor-element-42f7b94 elementor-widget__width-inherit elementor-widget-tablet__width-inherit elementor-widget elementor-widget-oblo-hero-image\" data-id=\"42f7b94\" data-element_type=\"widget\" data-widget_type=\"oblo-hero-image.default\">\n\t\t\t\t<div class=\"elementor-widget-container\">\n\t\t\t\n\t\t<!-- Section Hero Started -->\n\t\t<div class=\"section hero-started center bottom\" data-dispimgpath=\"https:\/\/franzhilf-benefizkonzert.at\/wp-content\/themes\/oblo\/assets\/images\/pointilize.jpg\">\n\t\t\t\t\t\t<!-- slide -->\n\t\t\t<div class=\"slide\"><img decoding=\"async\" src=\"https:\/\/franzhilf-benefizkonzert.at\/wp-content\/uploads\/2025\/12\/IMG_2012-1920x1080.jpg\" class=\"started-item__image\" alt=\"\" \/><\/div>\n\t\t\t<div class=\"canvas started-items__image\" data-top=\"top: 0px;\" data-top-bottom=\"top: -200px;\"><\/div>\n\t\t\t\n\t\t\t<div class=\"container\">\n\n\t\t\t\t<!-- titles -->\n\t\t\t\t<div class=\"titles\">\n\t\t\t\t\t\t\t\t\t\t<div class=\"title splitting-text-anim-1 scroll-animate\" data-splitting=\"chars\" data-animate=\"active\">\n\t\t\t\t\t\t<span >\n\t\t\t\t\t\t\tDas Benefizkonzert 2026\t\t\t\t\t\t<\/span>\n\t\t\t\t\t<\/div>\n\t\t\t\t\t\t\t\t\t\t\t\t\t\t<\/div>\n\t\t\t\t\n\t\t\t<\/div>\n\n\t\t<\/div>\n\n\t\t\t\t<\/div>\n\t\t\t\t<\/div>\n\t\t\t\t<section class=\"elementor-section elementor-inner-section elementor-element elementor-element-f9eaed6 elementor-section-boxed elementor-section-height-default elementor-section-height-default\" data-id=\"f9eaed6\" data-element_type=\"section\">\n\t\t\t\t\t\t<div class=\"elementor-container elementor-column-gap-default\">\n\t\t\t\t\t<div class=\"elementor-column elementor-col-100 elementor-inner-column elementor-element elementor-element-34990e3\" data-id=\"34990e3\" data-element_type=\"column\">\n\t\t\t<div class=\"elementor-widget-wrap elementor-element-populated\">\n\t\t\t\t\t\t<div class=\"elementor-element elementor-element-7afc115 elementor-widget elementor-widget-text-editor\" data-id=\"7afc115\" data-element_type=\"widget\" data-widget_type=\"text-editor.default\">\n\t\t\t\t<div class=\"elementor-widget-container\">\n\t\t\t<style>\/*! elementor - v3.20.0 - 20-03-2024 *\/\n.elementor-widget-text-editor.elementor-drop-cap-view-stacked .elementor-drop-cap{background-color:#69727d;color:#fff}.elementor-widget-text-editor.elementor-drop-cap-view-framed .elementor-drop-cap{color:#69727d;border:3px solid;background-color:transparent}.elementor-widget-text-editor:not(.elementor-drop-cap-view-default) .elementor-drop-cap{margin-top:8px}.elementor-widget-text-editor:not(.elementor-drop-cap-view-default) .elementor-drop-cap-letter{width:1em;height:1em}.elementor-widget-text-editor .elementor-drop-cap{float:left;text-align:center;line-height:1;font-size:50px}.elementor-widget-text-editor .elementor-drop-cap-letter{display:inline-block}<\/style>\t\t\t\t<h3 style=\"text-align: center;\">findet am 22. April 2026 um 19:30<\/h3><h3 style=\"text-align: center;\">in der Wiener Franziskanerkirche,<\/h3><h3 style=\"text-align: center;\">1010 Wien, Franziskanerplatz 4, statt<\/h3><h3 style=\"text-align: center;\">\u00a0<\/h3>\t\t\t\t\t\t<\/div>\n\t\t\t\t<\/div>\n\t\t\t\t\t<\/div>\n\t\t<\/div>\n\t\t\t\t\t<\/div>\n\t\t<\/section>\n\t\t\t\t<section class=\"elementor-section elementor-inner-section elementor-element elementor-element-6b7bd91 elementor-section-boxed elementor-section-height-default elementor-section-height-default\" data-id=\"6b7bd91\" data-element_type=\"section\">\n\t\t\t\t\t\t<div class=\"elementor-container elementor-column-gap-default\">\n\t\t\t\t\t<div class=\"elementor-column elementor-col-100 elementor-inner-column elementor-element elementor-element-731f8b3\" data-id=\"731f8b3\" data-element_type=\"column\">\n\t\t\t<div class=\"elementor-widget-wrap elementor-element-populated\">\n\t\t\t\t\t\t<div class=\"elementor-element elementor-element-7704441 elementor-widget elementor-widget-heading\" data-id=\"7704441\" data-element_type=\"widget\" data-widget_type=\"heading.default\">\n\t\t\t\t<div class=\"elementor-widget-container\">\n\t\t\t<style>\/*! elementor - v3.20.0 - 20-03-2024 *\/\n.elementor-heading-title{padding:0;margin:0;line-height:1}.elementor-widget-heading .elementor-heading-title[class*=elementor-size-]>a{color:inherit;font-size:inherit;line-height:inherit}.elementor-widget-heading .elementor-heading-title.elementor-size-small{font-size:15px}.elementor-widget-heading .elementor-heading-title.elementor-size-medium{font-size:19px}.elementor-widget-heading .elementor-heading-title.elementor-size-large{font-size:29px}.elementor-widget-heading .elementor-heading-title.elementor-size-xl{font-size:39px}.elementor-widget-heading .elementor-heading-title.elementor-size-xxl{font-size:59px}<\/style><h4 class=\"elementor-heading-title elementor-size-default\">Ehrenschutz<\/h4>\t\t<\/div>\n\t\t\t\t<\/div>\n\t\t\t\t<div class=\"elementor-element elementor-element-d0a458a elementor-widget elementor-widget-text-editor\" data-id=\"d0a458a\" data-element_type=\"widget\" data-widget_type=\"text-editor.default\">\n\t\t\t\t<div class=\"elementor-widget-container\">\n\t\t\t\t\t\t\t<p style=\"text-align: center;\">S. E. Mag. Josef Gr\u00fcnwidl, Erzbischof von Wien<br \/>S. E. Kardinal Dr. Christoph Sch\u00f6nborn, Alterzbischof von Wien<br \/>S. E. Dr. Franz Lackner OFM, Erzbischof von Salzburg<br \/>Dr. Wolfgang Sch\u00fcssel, Bundeskanzler der Republik \u00d6sterreich a.D.<br \/>RA Dr. Maximilian Eiselsberg<\/p>\t\t\t\t\t\t<\/div>\n\t\t\t\t<\/div>\n\t\t\t\t\t<\/div>\n\t\t<\/div>\n\t\t\t\t\t<\/div>\n\t\t<\/section>\n\t\t\t\t\t<\/div>\n\t\t<\/div>\n\t\t\t\t\t<\/div>\n\t\t<\/section>\n\t\t\t\t<section class=\"elementor-section elementor-top-section elementor-element elementor-element-b0e3a67 elementor-section-boxed elementor-section-height-default elementor-section-height-default\" data-id=\"b0e3a67\" data-element_type=\"section\">\n\t\t\t\t\t\t<div class=\"elementor-container elementor-column-gap-default\">\n\t\t\t\t\t<div class=\"elementor-column elementor-col-100 elementor-top-column elementor-element elementor-element-5f6a3b2\" data-id=\"5f6a3b2\" data-element_type=\"column\">\n\t\t\t<div class=\"elementor-widget-wrap elementor-element-populated\">\n\t\t\t\t\t\t<div class=\"elementor-element elementor-element-c5225dc elementor-hidden-desktop elementor-hidden-tablet elementor-hidden-mobile elementor-widget elementor-widget-text-editor\" data-id=\"c5225dc\" data-element_type=\"widget\" data-widget_type=\"text-editor.default\">\n\t\t\t\t<div class=\"elementor-widget-container\">\n\t\t\t\t\t\t\t<p style=\"text-align: center;\"><br \/>Sie m\u00fcssen sich nicht registrieren, wenn Sie als &#8220;Gastbenutzer&#8221; bestellen wollen.<\/p><p style=\"text-align: center;\">Wenn Sie mehr als eine Karte bestellen m\u00f6chten, klicken Sie bitte nach der Bestellung der ersten Karte nochmals auf &#8220;Hinzuf\u00fcgen&#8221;.<br \/>Das Maximum pro Anmelder betr\u00e4gt vier Karten!<\/p><p>\u00a0<\/p>\t\t\t\t\t\t<\/div>\n\t\t\t\t<\/div>\n\t\t\t\t<div class=\"elementor-element elementor-element-3ae99e3 elementor-widget elementor-widget-heading\" data-id=\"3ae99e3\" data-element_type=\"widget\" data-widget_type=\"heading.default\">\n\t\t\t\t<div class=\"elementor-widget-container\">\n\t\t\t<h4 class=\"elementor-heading-title elementor-size-default\">Karten<\/h4>\t\t<\/div>\n\t\t\t\t<\/div>\n\t\t\t\t<div class=\"elementor-element elementor-element-f570f4e elementor-widget elementor-widget-text-editor\" data-id=\"f570f4e\" data-element_type=\"widget\" data-widget_type=\"text-editor.default\">\n\t\t\t\t<div class=\"elementor-widget-container\">\n\t\t\t\t\t\t\t<p style=\"text-align: center;\"><span style=\"color: #800000;\"><a style=\"color: #800000;\" href=\"https:\/\/franzhilf-benefizkonzert.at\/?page_id=2610\">Hier k\u00f6nnen Sie ab J\u00e4nner 2026 Karten online erwerben und selbst ausdrucken.<\/a><\/span><\/p>\t\t\t\t\t\t<\/div>\n\t\t\t\t<\/div>\n\t\t\t\t<div class=\"elementor-element elementor-element-67ac5b5 elementor-widget elementor-widget-text-editor\" data-id=\"67ac5b5\" data-element_type=\"widget\" data-widget_type=\"text-editor.default\">\n\t\t\t\t<div class=\"elementor-widget-container\">\n\t\t\t\t\t\t\t<p style=\"text-align: center;\">Alternativ stehen Ihnen die traditionellen Methoden zur Verf\u00fcgung:<\/p><ul style=\"text-align: center;\"><li>Bestellung per E-Mail an office@franzhilf.org<\/li><li>Bestellung per Telefon 01\/ 585 49 06<\/li><li>Bestellung per Post an Franz Hilf, 1010 Wien, Franziskanerplatz 4<\/li><\/ul><p style=\"text-align: center;\">Die Z\u00e4hlkarten werden Ihnen dann per Post mit einem Zahlschein zugesandt.<\/p><p>\u00a0<\/p>\t\t\t\t\t\t<\/div>\n\t\t\t\t<\/div>\n\t\t\t\t<div class=\"elementor-element elementor-element-b6d00a4 elementor-widget elementor-widget-heading\" data-id=\"b6d00a4\" data-element_type=\"widget\" data-widget_type=\"heading.default\">\n\t\t\t\t<div class=\"elementor-widget-container\">\n\t\t\t<h4 class=\"elementor-heading-title elementor-size-default\">Spenden<\/h4>\t\t<\/div>\n\t\t\t\t<\/div>\n\t\t\t\t<div class=\"elementor-element elementor-element-18073b4 elementor-widget elementor-widget-text-editor\" data-id=\"18073b4\" data-element_type=\"widget\" data-widget_type=\"text-editor.default\">\n\t\t\t\t<div class=\"elementor-widget-container\">\n\t\t\t\t\t\t\t<p style=\"text-align: center;\">Mit dem Benefizkonzert 2026 wollen wir gemeinsam 45.000 Euro aufbringen, um den Fortbestand dieses einzigartigen Projekts zu sichern. Jeder Beitrag schenkt Licht \u2013 dort, wo es am meisten gebraucht wird. Spenden Sie Hoffnung. Schenken Sie Zukunft!<\/p><p style=\"text-align: center;\">Sollten Sie das &#8220;Licht der Hoffnung&#8221; der Franziskanerinnen in der Ukraine unterst\u00fctzen wollen, ohne das Konzert zu besuchen, so bitten wir Sie, das Konto Franz Hilf, IBAN: AT91 3200 0000 1012 6506 zu nutzen, mit dem Vermerk \u201eSpende Konzert 2026 ohne Karte\u201c.\u00a0<br \/>Herzlichen Dank!<\/p><p style=\"text-align: center;\">Spenden an Franz Hilf \u2013 Franziskaner f\u00fcr Menschen in Not sind steuerbeg\u00fcnstigt. Daf\u00fcr ist die Angabe des Namens (ident wie auf dem Meldezettel) und des Geburtsdatums erforderlich. <br \/>Der Verein hat in der Liste der steuerbeg\u00fcnstigten Organisationen den Code SO 1362 und tr\u00e4gt das Spendeng\u00fctesiegel Nr. 05157.<\/p><p style=\"text-align: center;\">Ihre Unterst\u00fctzung hilft den Franziskanerinnen, ihre menschlich so wichtige Aufgabe in der Ukraine zu erf\u00fcllen!\u00a0<\/p><p style=\"text-align: center;\">Alle Unterst\u00fctzer werden am Beginn des Konzerts kurz vorgestellt. Auf Wunsch erhalten Sie eine Spendenbest\u00e4tigung und Freikarten f\u00fcr das Konzert.<\/p><p style=\"text-align: center;\">\u00a0<\/p><p style=\"text-align: center;\">\u00a0<\/p><p>6<\/p>\t\t\t\t\t\t<\/div>\n\t\t\t\t<\/div>\n\t\t\t\t<div class=\"elementor-element elementor-element-bf0010a elementor-hidden-desktop elementor-hidden-tablet elementor-hidden-mobile elementor-widget elementor-widget-image\" data-id=\"bf0010a\" data-element_type=\"widget\" data-widget_type=\"image.default\">\n\t\t\t\t<div class=\"elementor-widget-container\">\n\t\t\t<style>\/*! elementor - v3.20.0 - 20-03-2024 *\/\n.elementor-widget-image{text-align:center}.elementor-widget-image a{display:inline-block}.elementor-widget-image a img[src$=\".svg\"]{width:48px}.elementor-widget-image img{vertical-align:middle;display:inline-block}<\/style>\t\t\t\t\t\t\t\t\t\t<img fetchpriority=\"high\" decoding=\"async\" width=\"1748\" height=\"1240\" src=\"https:\/\/franzhilf-benefizkonzert.at\/wp-content\/uploads\/2025\/03\/250321-Sponsoren-FH-website.jpg\" class=\"attachment-full size-full wp-image-3486\" alt=\"\" srcset=\"https:\/\/franzhilf-benefizkonzert.at\/wp-content\/uploads\/2025\/03\/250321-Sponsoren-FH-website.jpg 1748w, https:\/\/franzhilf-benefizkonzert.at\/wp-content\/uploads\/2025\/03\/250321-Sponsoren-FH-website-300x213.jpg 300w, https:\/\/franzhilf-benefizkonzert.at\/wp-content\/uploads\/2025\/03\/250321-Sponsoren-FH-website-1024x726.jpg 1024w, https:\/\/franzhilf-benefizkonzert.at\/wp-content\/uploads\/2025\/03\/250321-Sponsoren-FH-website-768x545.jpg 768w, https:\/\/franzhilf-benefizkonzert.at\/wp-content\/uploads\/2025\/03\/250321-Sponsoren-FH-website-1536x1090.jpg 1536w, https:\/\/franzhilf-benefizkonzert.at\/wp-content\/uploads\/2025\/03\/250321-Sponsoren-FH-website-900x638.jpg 900w\" sizes=\"(max-width: 1748px) 100vw, 1748px\" \/>\t\t\t\t\t\t\t\t\t\t\t\t\t<\/div>\n\t\t\t\t<\/div>\n\t\t\t\t\t<\/div>\n\t\t<\/div>\n\t\t\t\t\t<\/div>\n\t\t<\/section>\n\t\t\t\t<\/div>\n\t\t","protected":false},"excerpt":{"rendered":"<p>Das Benefizkonzert 2026 findet am 22. April 2026 um 19:30 in der Wiener Franziskanerkirche, 1010 Wien, Franziskanerplatz 4, statt \u00a0 Ehrenschutz S. E. Mag. Josef Gr\u00fcnwidl, Erzbischof von WienS. E. Kardinal Dr. Christoph Sch\u00f6nborn, Alterzbischof von WienS. E. Dr. Franz Lackner OFM, Erzbischof von&#8230; <\/p>\n<div class=\"readmore\"><a href=\"https:\/\/franzhilf-benefizkonzert.at\/\" class=\"btn-link\">Read more<\/a><\/div>\n","protected":false},"author":1,"featured_media":3386,"parent":0,"menu_order":0,"comment_status":"closed","ping_status":"closed","template":"template-layout-builder.php","meta":{"footnotes":""},"acf":[],"_links":{"self":[{"href":"https:\/\/franzhilf-benefizkonzert.at\/index.php?rest_route=\/wp\/v2\/pages\/2542"}],"collection":[{"href":"https:\/\/franzhilf-benefizkonzert.at\/index.php?rest_route=\/wp\/v2\/pages"}],"about":[{"href":"https:\/\/franzhilf-benefizkonzert.at\/index.php?rest_route=\/wp\/v2\/types\/page"}],"author":[{"embeddable":true,"href":"https:\/\/franzhilf-benefizkonzert.at\/index.php?rest_route=\/wp\/v2\/users\/1"}],"replies":[{"embeddable":true,"href":"https:\/\/franzhilf-benefizkonzert.at\/index.php?rest_route=%2Fwp%2Fv2%2Fcomments&post=2542"}],"version-history":[{"count":232,"href":"https:\/\/franzhilf-benefizkonzert.at\/index.php?rest_route=\/wp\/v2\/pages\/2542\/revisions"}],"predecessor-version":[{"id":3646,"href":"https:\/\/franzhilf-benefizkonzert.at\/index.php?rest_route=\/wp\/v2\/pages\/2542\/revisions\/3646"}],"wp:featuredmedia":[{"embeddable":true,"href":"https:\/\/franzhilf-benefizkonzert.at\/index.php?rest_route=\/wp\/v2\/media\/3386"}],"wp:attachment":[{"href":"https:\/\/franzhilf-benefizkonzert.at\/index.php?rest_route=%2Fwp%2Fv2%2Fmedia&parent=2542"}],"curies":[{"name":"wp","href":"https:\/\/api.w.org\/{rel}","templated":true}]}}